 10 = 2*y - 32, y - 29 = 5*i. Calculate the remainder when s is divided by y.
6
Let f(h) = -h + 11. Let r be f(9). Suppose 0*m = -3*c + 4*m - 82, r*c + 53 = m. Let x = 38 + c. What is the remainder when 19 is divided by x?
7
Let g = -13 - -7. Let q be (g/15)/(2/(-5)). Suppose 2*o - q = 3. What is the remainder when 6 is divided by o?
0
Let v be 2 - (1 - 1 - 0). Let o = 218 - 152. Calculate the remainder when o is divided by v*(-1 + 76/8).
15
Let p(o) = -o + 20. Let t(j) = -2*j + 39. Let q(i) = -11*p(i) + 6*t(i). Suppose -17 = -0*s - s. What is the remainder when s is divided by q(9)?
2
Suppose 0*y - 5*s = 4*y - 588, 5*s = 20. Calculate the remainder when y is divided by 24.
22
Suppose 3*b = b + 42. Let o(z) = -z**3 - 5*z**2 + 2*z. Let i be o(-5). Let x = i - -16. What is the remainder when b is divided by x?
3
Let t(r) = 2*r**2 - 4. Let c be t(7). Suppose 51 = 5*a - c. What is the remainder when a is divided by 10?
9
Suppose -x = 5*b - 24 - 48, -156 = -2*x - 4*b. Suppose -2*h - 68 = -6*h. Calculate the remainder when x is divided by h.
14
Let n = -18 + 4. Let p(t) = t**3 + 13*t**2 - 16*t + 24. Let s = 27 - 9. Calculate the remainder when p(n) is divided by s.
16
Let x(v) = -v**3 + 20*v**2 - 17*v + 30. Let t(p) = -18*p**3 - 3*p - 2. Let m be t(-1). What is the remainder when x(m) is divided by 12?
8
Suppose -18*n = 58 - 256. What is the remainder when 372 is divided by n?
9
Suppose -2*i = -2*l - 3 - 3, -2*i + 16 = 3*l. Suppose 3*s + 3*x - 123 = 0, -2*x - i - 36 = -s. What is the remainder when s is divided by 14?
13
Let f = -42 + 39. Suppose -62 = -d - 5. Calculate the remainder when d is divided by (-23)/(4 - 5) + f.
17
Let k = 1720 + -1645. What is the remainder when k is divided by 26?
23
What is the remainder when 1568/20 + (-7)/((-105)/(-6)) is divided by 36?
6
What is the remainder when 75/(-27) + 3 + 1292/18 is divided by 9?
0
What is the remainder when 164 is divided by ((-8)/(-2) + 128/(-24))*-6?
4
What is the remainder when 37/((-869)/(-143) + -6) is divided by 17?
5
Let l(w) = -10*w - 13. Let n be l(-5). Suppose 1 - n = -3*d. Suppose p = 1, -2*k + 0*p - p = -11. What is the remainder when d is divided by k?
2
Let u = -192 + 215. Calculate the remainder when 251 is divided by u.
21
Suppose -2351 + 741 = -10*s. Calculate the remainder when s is divided by 33.
29
Let o(m) be the second derivative of m**4/12 - 23*m**3/6 - 13*m**2 + 38*m. Let v = 84 - 38. Calculate the remainder when v is divided by o(25).
22
Let x(f) be the first derivative of f**3/3 - 3*f**2 + 12*f + 26. What is the remainder when x(3) is divided by 1?
0
Suppose -923 + 795 = -4*o. What is the remainder when 181 is divided by o?
21
Suppose 2275 = 3480*y - 3473*y. What is the remainder when y is divided by 37?
29
Let h(x) = -24*x + 59. Calculate the remainder when h(0) is divided by 46.
13
Suppose 409 = 2*l + 239. Calculate the remainder when 331 is divided by l.
76
Suppose -2*y = -2*a - 20, 5*y - 66 = -2*a - a. What is the remainder when 43 is divided by y?
7
What is the remainder when (-15)/75 - (-402)/10 is divided by 9?
4
Let u(o) = -o**3 - 7*o**2 - 5*o + 8. Suppose -5*w - n - 181 = 1, 0 = 5*w - n + 178. Let j be 1/(-2*(-3)/w). Calculate the remainder when 7 is divided by u(j).
1
Suppose -3*o - 25 + 58 = 0. What is the remainder when 357 is divided by o?
5
Suppose -3*k + 16 = 4*d, 3*k + 2*d - 10 = k. Calculate the remainder when 18 is divided by k.
2
Suppose 8*c - 685 = 99. Suppose -3*a - 68 = -2*j - a, 3*j = -5*a + 102. Calculate the remainder when c is divided by j.
30
Let u(x) = 9*x**2 - 3*x. Let m(z) = -8*z**2 + 2*z. Let g(h) = -6*m(h) - 4*u(h). What is the remainder when g(-1) is divided by 2?
0
Let t = 2 + 26. Suppose 0 = -21*g + 16*g + 260. What is the remainder when g is divided by t?
24
Let k = 3 + 2. Suppose 0 = -5*f - 3*c + 4*c + 123, 4*f - 93 = -c. What is the remainder when f is divided by k?
4
Let b = 356 - 282. Calculate the remainder when b is divided by ((-10)/3)/(6/(-9)).
4
Let g(o) = -1 + 5 + 4*o - 4 + 6. Calculate the remainder when g(8) is divided by 8.
6
Let r = 53 + -86. Let o = 45 + r. What is the remainder when 21 is divided by o?
9
Let n(t) = 25*t - 10. Let q be n(6). Suppose -3*v - q = v. Let x = -25 - v. Calculate the remainder when 18 is divided by x.
8
Let s = -379 + 753. Calculate the remainder when s is divided by 47.
45
Let t(g) = g - 17. Calculate the remainder when t(28) is divided by 4.
3
Let w(u) = 96*u**2 - 2*u + 1. What is the remainder when w(1) is divided by 14?
11
Suppose -5*f - 4*b = -23, 4*b = -4*f - 0*b + 20. Calculate the remainder when 64 is divided by 17 - 1*(f - 3).
13
Suppose -9*j = 5*j - 2*j. Suppose 0 = 4*z - 4*m - 192, j = -z + 3*m - 0*m + 46. What is the remainder when 144 is divided by z?
46
Let w(h) = h**2 + 7*h - 2. Let m = -43 + 55. What is the remainder when w(5) is divided by m/21 + (-101)/(-7)?
13
Let f(i) = 2*i**3 + 16*i**2 + i + 6. Let d be f(-8). What is the remainder when 21/d*24/(-36) is divided by 5?
2
Suppose 4*h - 24 = 40. Suppose -6 = -h*i + 18*i. Calculate the remainder when i/(-12) - 191/(-4) is divided by 10.
8
Suppose 0 = -9*b - 86 + 248. Calculate the remainder when 61 is divided by b.
7
Let o = 178 + -97. Let u be 25/(-5) + 18 + 1. Suppose 4*k = u*k - 170. What is the remainder when o is divided by k?
13
Calculate the remainder when 317 is divided by ((-1044)/162)/(2/(-9)).
27
Let j = -77 + 94. What is the remainder when 99 is divided by j?
14
Suppose 0 = -i - 4*i - 3*t + 2171, 3*i - 1289 = 5*t. What is the remainder when i is divided by 88?
81
Suppose -568 - 4038 = -98*p. Calculate the remainder when 115 is divided by p.
21
Let v(m) = m**2 - 23*m + 73. Calculate the remainder when ((-135)/(-12))/(6/32) is divided by v(21).
29
Suppose 0 = -17*l + 2844 - 260. Calculate the remainder when l is divided by 13.
9
Suppose -4*s - 373 = 19. Let f = -60 - s. Calculate the remainder when f is divided by 20.
18
Suppose -2*m = 23 - 41. Suppose -5*a - 5*h = -245, 8*a - 4*h = 3*a + 281. Calculate the remainder when a is divided by m.
8
Let u = 14 - 11. Suppose 3*c - u*s = 0, -4*c + s + s = 0. Suppose -x - 4*x + 30 = c. What is the remainder when 22 is divided by x?
4
Let u(p) be the first derivative of 2*p**2 - 3*p + 10. Calculate the remainder when 11 is divided by u(2).
1
Let w be 2/(-6) - (-6)/18. Suppose w = v + 2*v - 48. Calculate the remainder when 77 is divided by v.
13
Suppose -3*w + 204 = 3*r, 4 = 5*w - 1. Calculate the remainder when r is divided by 16.
3
Let u(n) = n + 6. Let b be (1/4)/(11/308). What is the remainder when u(b) is divided by 2?
1
Let h = -81 + 160. Calculate the remainder when h is divided by 9.
7
Let v(q) = -8 + 1 + 6 + 0 + 29*q. Calculate the remainder when v(1) is divided by 16.
12
Let f = -7 - -11. Let m = 14 - f. Let w = 94 + -57. What is the remainder when w is divided by m?
7
Let n(t) = t**3 + 4*t**2 - 3. Let s be n(-3). Suppose 5*c = 9*c + 41*c - 720. Calculate the remainder when c is divided by ((-12)/8)/(s/(-40)).
6
Let d(j) = -3*j + 2. Let w(l) = l**2 + 6*l + 2. Let k be w(-6). Let x be 5/((-1)/(k + -1)). What is the remainder when d(x) is divided by 10?
7
Let f = -96 + 72. What is the remainder when 129 is divided by 29 - -12*(-4)/f*2?
30
Calculate the remainder when 23 is divided by 5*(57/(-76))/((-45)/84).
2
Let b = -500 + 529. What is the remainder when 2057 is divided by b?
27
Let s = 2 + -2. Suppose 4*t + 5*z - 2 = 20, 4*t - 3*z - 6 = s. Let k(h) = 2*h**3 + 5*h**2 - 5*h + 2. What is the remainder when k(t) is divided by 29?
28
Let n(u) = 5*u**2 + 7*u + 3. Let t(b) = -b**2 - 2*b - 1. Let f(s) = -2*n(s) - 9*t(s). Calculate the remainder when 6 is divided by f(4).
0
Suppose -2*w + 42 = 5*o, -2*w = -24*o + 19*o - 22. Calculate the remainder when 73 is divided by w.
9
Let b = 179 + -96. Let v(z) = 2*z**2 - 4. What is the remainder when b is divided by v(4)?
27
What is the remainder when 260 is divided by (-1631)/(-91) - (-4)/52?
8
Calculate the remainder when 8/3*26901/42 is divided by 90.
88
Let j = 37 - -13. Suppose -t = -5*b + j, -4*b + 37 = -2*b + 3*t. Calculate the remainder when 31 is divided by b.
9
Let d = -9 - -15. Let g = 0 + d. Calculate the remainder when 22 is divided by g.
4
Suppose 2 = -2*d + 3*b, -9 = -5*d - 3*b + 7. Let z be d/(2/416*-2). What is